87425791
List the prime factors of 5051110250.
2, 5, 83, 229, 1063
List the prime factors of 313107611.
41, 7636771
What are the prime factors of 3354390240?
2, 3, 5, 6988313
What are the prime factors of 1372863360?
2, 3, 5, 11, 65003
List the prime factors of 1371679512.
2, 3, 7, 8164759
What are the prime factors of 924340452?
2, 3, 7, 113, 97381
List the prime factors of 24606822.
2, 3, 67, 61211
List the prime factors of 140311705.
5, 28062341
List the prime factors of 45691157.
45691157
List the prime factors of 22126582.
2, 71, 155821
List the prime factors of 436255362.
2, 3, 199, 40597
List the prime factors of 262018290.
2, 3, 5, 41, 213023
List the prime factors of 56619976.
2, 7, 1011071
List the prime factors of 114995287.
11, 43, 243119
What are the prime factors of 23485961?
173, 135757
List the prime factors of 174157331.
174157331
What are the prime factors of 1495362566?
2, 1693, 441631
What are the prime factors of 225460416?
2, 3, 1174273
List the prime factors of 25478962.
2, 19, 31, 43, 503
What are the prime factors of 1015588043?
1627, 624209
List the prime factors of 41919952.
2, 2619997
List the prime factors of 1305221380.
2, 5, 65261069
What are the prime factors of 1141632144?
2, 3, 17, 51817
What are the prime factors of 197657534?
2, 2441, 40487
List the prime factors of 42704806.
2, 21352403
List the prime factors of 636840693.
3, 70760077
What are the prime factors of 63437068?
2, 15859267
List the prime factors of 231539035.
5, 7, 13, 19, 26783
What are the prime factors of 36313732?
2, 7, 13, 67, 1489
What are the prime factors of 500363717?
7, 151, 473381
List the prime factors of 1122783781.
7, 787, 203809
List the prime factors of 1357247189.
313, 4336253
What are the prime factors of 485029059?
3, 4969, 32537
What are the prime factors of 14480586?
2, 3, 229, 1171
What are the prime factors of 247901265?
3, 5, 19, 31, 47, 199
What are the prime factors of 1106922451?
37, 389, 76907
List the prime factors of 4966590577.
13, 113, 3380933
What are the prime factors of 6677617454?
2, 18233, 183119
List the prime factors of 807570141.
3, 7, 359, 107119
What are the prime factors of 585595106?
2, 292797553
List the prime factors of 327069175.
5, 13082767
List the prime factors of 566054892.
2, 3, 13, 44797
List the prime factors of 498869291.
5023, 99317
List the prime factors of 45091272.
2, 3, 1878803
List the prime factors of 178938210.
2, 3, 5, 11, 542237
What are the prime factors of 63868258?
2, 31934129
What are the prime factors of 1084464801?
3, 7, 41, 349, 401
What are the prime factors of 202018845?
3, 5, 7, 1923989
What are the prime factors of 1133908172?
2, 79, 191, 18787
What are the prime factors of 203353143?
3, 7, 19, 23, 22159
List the prime factors of 69780299.
67, 1041497
What are the prime factors of 44414746?
2, 22207373
What are the prime factors of 86866957?
17, 5109821
What are the prime factors of 315684635?
5, 7, 1061, 8501
List the prime factors of 336409650.
2, 3, 5, 79, 9463
List the prime factors of 73946065.
5, 14789213
What are the prime factors of 345905014?
2, 7, 13, 61, 4451
What are the prime factors of 656290666?
2, 19, 113, 152839
List the prime factors of 144526338.
2, 3, 11, 729931
What are the prime factors of 84303422?
2, 7, 860239
List the prime factors of 1162543470.
2, 3, 5, 11, 17, 207227
What are the prime factors of 192865868?
2, 13, 3708959
What are the prime factors of 2401867761?
3, 8681, 92227
What are the prime factors of 662949111?
3, 11, 20089367
List the prime factors of 70715136.
2, 3, 92077
List the prime factors of 12143562.
2, 3, 173, 11699
List the prime factors of 128091148.
2, 659, 48593
What are the prime factors of 5810200730?
2, 5, 31, 18742583
What are the prime factors of 507122214?
2, 3, 137, 587, 1051
What are the prime factors of 1561387336?
2, 6763, 28859
List the prime factors of 158842758.
2, 3, 26473793
List the prime factors of 142182339.
3, 13, 17, 19, 11287
What are the prime factors of 274728050?
2, 5, 317, 17333
List the prime factors of 60809224.
2, 7, 43, 25253
List the prime factors of 69836144.
2, 7, 623537
List the prime factors of 890866984.
2, 7, 19, 157, 5333
What are the prime factors of 43176180?
2, 3, 5, 31, 139, 167
What are the prime factors of 116479861?
19, 2339, 2621
List the prime factors of 689271288.
2, 3, 277, 103681
What are the prime factors of 26072745?
3, 5, 1738183
What are the prime factors of 128905407?
3, 17, 842519
What are the prime factors of 219594144?
2, 3, 7, 11, 61, 487
List the prime factors of 492402120.
2, 3, 5, 7, 619, 947
What are the prime factors of 4561106075?
5, 173, 673, 1567
What are the prime factors of 19063027?
19063027
What are the prime factors of 102892074?
2, 3, 479, 35801
List the prime factors of 238866239.
2687, 88897
What are the prime factors of 96429350?
2, 5, 29, 73, 911
List the prime factors of 172641385.
5, 7, 4932611
List the prime factors of 39355740.
2, 3, 5, 31, 2351
List the prime factors of 148127613.
3, 17, 23, 37, 3413
What are the prime factors of 2067872075?
5, 82714883
List the prime factors of 87298131.
3, 29099377
What are the prime factors of 178363474?
2, 89181737
List the prime factors of 2656516858.
2, 137, 677, 14321
What are the prime factors of 1163275145?
5, 47, 4950107
List the prime factors of 2029152509.
2281, 889589
What are the prime factors of 2153826450?
2, 3, 5, 179, 2971
What are the prime factors of 297421356?
2, 3, 1117, 22189
List the prime factors of 217267840.
2, 5, 31, 47, 233
What are the prime factors of 51712689?
3, 7, 61, 73, 79
List the prime factors of 38987459.
7, 293, 19009
List the prime factors of 3351294651.
3, 19, 58794643
What are the prime factors of 467810543?
6737, 69439
List the prime factors of 716155805.
5, 143231161
List the prime factors of 15581281.
23, 677447
List the prime factors of 4932636675.
3, 5, 211, 353, 883
What are the prime factors of 938292947?
938292947
What are the prime factors of 379286994?
2, 3, 103, 613733
List the prime factors of 515480981.
515480981
List the prime factors of 194372699.
179, 1085881
What are the prime factors of 2873446729?
577, 4979977
What are the prime factors of 3206747286?
2, 3, 601, 98809
What are the prime factors of 14391399?
3, 11, 23, 67, 283
What are the prime factors of 6050401314?
2, 3, 173, 487, 11969
List the prime factors of 1914317773.
19, 3023, 33329
List the prime factors of 112504188.
2, 3, 89, 105341
What are the prime factors of 2156744631?
3, 73, 9848149
What are the prime factors of 1919557291?
521, 3684371
What are the prime factors of 1024688033?
18217, 56249
What are the prime factors of 3488581012?
2, 7, 124592179
What are the prime factors of 495076524?
2, 3, 383, 107719
List the prime factors of 799032968.
2, 2251, 44371
What are the prime factors of 1122730707?
3, 7, 157, 503, 677
List the prime factors of 54061148.
2, 31, 43, 10139
What are the prime factors of 314399650?
2, 5, 19, 23, 14389
List the prime factors of 679905698.
2, 7933, 42853
List the prime factors of 2152559275.
5, 86102371
What are the prime factors of 758779064?
2, 31, 101, 30293
What are the prime factors of 2628213367?
13, 202170259
What are the prime factors of 423763772?
2, 105940943
List the prime factors of 805780446.
2, 3, 134296741
What are the prime factors of 1255200?
2, 3, 5, 523
What are the prime factors of 218354221?
59, 3700919
List the prime factors of 2039840614.
2, 7, 227, 641863
List the prime factors of 2268190831.
347, 6536573
What are the prime factors of 1017693101?
5261, 193441
What are the prime factors of 56376956?
2, 23, 43, 14251
What are the prime factors of 2673159480?
2, 3, 5, 7425443
List the prime factors of 88383484.
2, 7, 101, 31253
What are the prime factors of 9680052327?
3, 11, 647, 453377
List the prime factors of 998465333.
19, 41, 1281727
What are the prime factors of 1544406374?
2, 7, 19, 305581
List the prime factors of 484264993.
484264993
List the prime factors of 261931390.
2, 5, 7, 3741877
List the prime factors of 115016397.
3, 2953, 12983
What are the prime factors of 53570186?
2, 2441, 10973
What are the prime factors of 61593341?
61593341
What are the prime factors of 113062423?
7499, 15077
List the prime factors of 36